26.
2, 13, 2851
What are the prime factors of 54905?
5, 79, 139
List the prime factors of 3118.
2, 1559
What are the prime factors of 4641?
3, 7, 13, 17
What are the prime factors of 5265?
3, 5, 13
List the prime factors of 8110.
2, 5, 811
List the prime factors of 22219.
17, 1307
What are the prime factors of 2015?
5, 13, 31
List the prime factors of 1824.
2, 3, 19
What are the prime factors of 4411?
11, 401
List the prime factors of 705.
3, 5, 47
What are the prime factors of 1651?
13, 127
What are the prime factors of 83502?
2, 3, 4639
What are the prime factors of 73431?
3, 41, 199
List the prime factors of 29712.
2, 3, 619
List the prime factors of 123440.
2, 5, 1543
What are the prime factors of 27619?
71, 389
What are the prime factors of 20599?
20599
What are the prime factors of 13287?
3, 43, 103
What are the prime factors of 1787?
1787
What are the prime factors of 25508?
2, 7, 911
List the prime factors of 21987.
3, 7, 349
What are the prime factors of 15791?
15791
List the prime factors of 1997.
1997
What are the prime factors of 9947?
7, 29
What are the prime factors of 1415?
5, 283
List the prime factors of 46964.
2, 59, 199
What are the prime factors of 1426?
2, 23, 31
What are the prime factors of 1209?
3, 13, 31
List the prime factors of 1414.
2, 7, 101
What are the prime factors of 143860?
2, 5, 7193
What are the prime factors of 3282?
2, 3, 547
List the prime factors of 274.
2, 137
List the prime factors of 17041.
17041
What are the prime factors of 1157?
13, 89
List the prime factors of 584.
2, 73
List the prime factors of 3713.
47, 79
List the prime factors of 21048.
2, 3, 877
List the prime factors of 7459.
7459
List the prime factors of 62.
2, 31
What are the prime factors of 81572?
2, 20393
What are the prime factors of 135332?
2, 23, 1471
What are the prime factors of 34025?
5, 1361
List the prime factors of 3966.
2, 3, 661
What are the prime factors of 758?
2, 379
List the prime factors of 486.
2, 3
List the prime factors of 839.
839
What are the prime factors of 115?
5, 23
List the prime factors of 1625.
5, 13
What are the prime factors of 1996?
2, 499
What are the prime factors of 4099?
4099
List the prime factors of 64722.
2, 3, 7, 23, 67
What are the prime factors of 661?
661
What are the prime factors of 7037?
31, 227
What are the prime factors of 214?
2, 107
What are the prime factors of 13469?
13469
List the prime factors of 856.
2, 107
What are the prime factors of 4026?
2, 3, 11, 61
List the prime factors of 1822.
2, 911
List the prime factors of 166230.
2, 3, 5, 1847
What are the prime factors of 45226?
2, 22613
List the prime factors of 119.
7, 17
List the prime factors of 1115.
5, 223
What are the prime factors of 11227?
103, 109
List the prime factors of 1960.
2, 5, 7
List the prime factors of 2895.
3, 5, 193
What are the prime factors of 7030?
2, 5, 19, 37
List the prime factors of 5934.
2, 3, 23, 43
What are the prime factors of 10490?
2, 5, 1049
What are the prime factors of 11177?
11177
List the prime factors of 8620.
2, 5, 431
What are the prime factors of 168?
2, 3, 7
List the prime factors of 1639.
11, 149
What are the prime factors of 19682?
2, 13, 757
What are the prime factors of 1242?
2, 3, 23
What are the prime factors of 18001?
47, 383
List the prime factors of 16347.
3, 5449
List the prime factors of 4131.
3, 17
List the prime factors of 4835.
5, 967
List the prime factors of 7457.
7457
List the prime factors of 1227.
3, 409
List the prime factors of 16542.
2, 3, 919
List the prime factors of 1270.
2, 5, 127
List the prime factors of 15809.
15809
List the prime factors of 222.
2, 3, 37
List the prime factors of 8631.
3, 7, 137
List the prime factors of 2144.
2, 67
List the prime factors of 9245.
5, 43
What are the prime factors of 1651?
13, 127
What are the prime factors of 3608?
2, 11, 41
What are the prime factors of 111177?
3, 11, 1123
What are the prime factors of 642?
2, 3, 107
List the prime factors of 9544.
2, 1193
What are the prime factors of 863?
863
What are the prime factors of 14743?
23, 641
What are the prime factors of 3834?
2, 3, 71
List the prime factors of 12935.
5, 13, 199
What are the prime factors of 3473?
23, 151
List the prime factors of 1674.
2, 3, 31
What are the prime factors of 10240?
2, 5
List the prime factors of 1693.
1693
What are the prime factors of 419?
419
What are the prime factors of 1799?
7, 257
What are the prime factors of 3837?
3, 1279
List the prime factors of 817.
19, 43
List the prime factors of 790.
2, 5, 79
List the prime factors of 16887.
3, 13, 433
What are the prime factors of 4664?
2, 11, 53
What are the prime factors of 1078?
2, 7, 11
What are the prime factors of 143200?
2, 5, 179
List the prime factors of 31119.
3, 11, 23, 41
What are the prime factors of 1173?
3, 17, 23
List the prime factors of 735.
3, 5, 7
List the prime factors of 31399.
17, 1847
What are the prime factors of 46378?
2, 23189
List the prime factors of 4230.
2, 3, 5, 47
List the prime factors of 943.
23, 41
What are the prime factors of 87666?
2, 3, 19, 769
List the prime factors of 908.
2, 227
List the prime factors of 4764.
2, 3, 397
What are the prime factors of 335?
5, 67
List the prime factors of 155.
5, 31
List the prime factors of 7780.
2, 5, 389
List the prime factors of 3625.
5, 29
List the prime factors of 164.
2, 41
List the prime factors of 4279.
11, 389
What are the prime factors of 24336?
2, 3, 13
List the prime factors of 11407.
11, 17, 61
What are the prime factors of 3043?
17, 179
List the prime factors of 1013.
1013
List the prime factors of 21484.
2, 41, 131
List the prime factors of 31228.
2, 37, 211
What are the prime factors of 1863?
3, 23
List the prime factors of 4981.
17, 293
What are the prime factors of 3118?
2, 1559
What are the prime factors of 1105?
5, 13, 17
What are the prime factors of 75368?
2, 9421
What are the prime factors of 17171?
7, 11, 223
List the prime factors of 35163.
3, 3907
List the prime factors of 32440.
2, 5, 811
What are the prime factors of 18549?
3, 229
List the prime factors of 13.
13
List the prime factors of 14154.
2, 3, 7, 337
List the prime factors of 86902.
2, 43451
List the prime factors of 39413.
11, 3583
List the prime factors of 25472.
2, 199
What are the prime factors of 151920?
2, 3, 5, 211
What are the prime factors of 13449?
3, 4483
What are the prime factors of 61326?
2, 3, 3407
What are the prime factors of 57490?
2, 5, 5749
What are the prime factors of 63?
3, 7
What are the prime factors of 6689?
6689
What are the prime factors of 708?
2, 3, 59
What are the prime factors of 822?
2, 3, 137
What are the prime factors of 6884?
2, 1721
List the prime factors of 175.
5, 7
What are the prime factors of 21712?
2, 23, 59
What are the prime factors of 215?
5, 43
What are the prime factors of 83773?
83773
List the prime factors of 1203.
3, 401
What are the prime factors of 892?
2, 223
List the prime factors of 443.
443
List the prime factors of 12830.
2, 5, 1283
What are the prime factors of 2640?
2, 3, 5, 11
What are the prime factors of 82876?
2, 20719
List the prime factors of 5650.
2, 5, 113
List the prime factors of 1675.
5, 67
What are the prime factors of 873?
3, 97
What are the prime factors of 3023?
3023
What are the prime factors of 67710?
2, 3, 5, 37, 61
List the prime factors of 4995.
3, 5, 37
What are the prime factors of 7674?
2, 3, 1279
What are the prime factors of 12559?
19, 661
What are the prime factors of 3456?
2, 3
What are the prime factors of 25365?
3, 5, 19, 89
List the prime factors of 17.
17
List the prime factors of 21127.
37, 571
List the prime factors of 1787.
1787
List the prime factors of 1328.
2, 83
What are the prime factors of 6233?
23, 271
List the prime factors of 4087.
61, 67
List the prime factors of 5944.
2, 743
List the prime factors of 15318.
2, 3, 23, 37
What are the prime factors of 1128?
2, 3, 47
List the prime factors of 80603.
80603
What are the prime factors of 1230?
2, 3, 5, 41
List the prime factors of 782.
2, 17, 23
List the prime factors of 289.
17
What are the prime factors of 1172?
2, 293
What are the prime factors of 1669?
1669
What are the prime factors of 5515?
5, 1103
What are the prime factors of 69649?
17, 241
List the prime factors of 12118.
2, 73